{"id":51,"date":"2013-12-05T22:29:51","date_gmt":"2013-12-05T22:29:51","guid":{"rendered":"http:\/\/balnar.eu\/?page_id=51"},"modified":"2022-01-27T14:59:44","modified_gmt":"2022-01-27T14:59:44","slug":"reference","status":"publish","type":"page","link":"https:\/\/balnar.eu\/?page_id=51","title":{"rendered":"Reference"},"content":{"rendered":"<p>Stavebn\u00ed dozor<\/p>\n<ul>\n<li>SBD V\u00edtkovice<\/li>\n<li>SBD Poruba<\/li>\n<li>Fyzick\u00e9 osoby (rodinn\u00e9 domy)<\/li>\n<li>Bytov\u00e1 dru\u017estva<\/li>\n<li>Spole\u010denstv\u00ed vlastn\u00edk\u016f jednotek<\/li>\n<li><span style=\"text-decoration: underline;\"><a href=\"http:\/\/sjv-tlapakova.czweb.org\/realizace.html\" target=\"_blank\" rel=\"noopener\">SJV Tlap\u00e1kova 1252\/4, Ostrava-Hrab\u016fvka<\/a><\/span><\/li>\n<\/ul>\n<p>Znaleck\u00e9 posudky<\/p>\n<ul>\n<li>Okresn\u00ed soud v Ostrav\u011b<\/li>\n<li>Policie \u010cR<\/li>\n<li>Magistr\u00e1t m\u011bsta Ostravy<\/li>\n<li>Exekutorsk\u00e9 \u00fa\u0159ady<\/li>\n<\/ul>\n\n\n<p>Komplexn\u00ed rekonstrukce staveb &#8211; <a href=\"https:\/\/balnar.eu\/wp-content\/uploads\/2022\/01\/reference.pdf\">PDF<\/a><\/p>\n\n\n\n<p>Komplexn\u00ed revitalizace a rekonstrukce staveb 2020 &#8211; <a href=\"https:\/\/balnar.eu\/wp-content\/uploads\/2022\/01\/reference_2020.pdf\">PDF<\/a><\/p>\n\n\n\n<p>Komplexn\u00ed revitalizace a rekonstrukce staveb 2021 &#8211; <a href=\"https:\/\/balnar.eu\/wp-content\/uploads\/2022\/01\/reference_2021.pdf\">PDF<\/a><\/p>\n\n\n\n<p><a href=\"https:\/\/balnar.eu\/wp-content\/uploads\/2022\/01\/Podekovani-SV-Pelclova-2669.jpg\">Pod\u011bkov\u00e1n\u00ed SV Pelclova 2669<\/a><\/p>\n","protected":false},"excerpt":{"rendered":"<p>Stavebn\u00ed dozor SBD V\u00edtkovice SBD Poruba Fyzick\u00e9 osoby (rodinn\u00e9 domy) Bytov\u00e1 dru\u017estva Spole\u010denstv\u00ed vlastn\u00edk\u016f jednotek SJV Tlap\u00e1kova 1252\/4, Ostrava-Hrab\u016fvka Znaleck\u00e9 posudky Okresn\u00ed soud v Ostrav\u011b Policie \u010cR Magistr\u00e1t m\u011bsta Ostravy Exekutorsk\u00e9 \u00fa\u0159ady Komplexn\u00ed rekonstrukce staveb &#8211; PDF Komplexn\u00ed revitalizace a rekonstrukce staveb 2020 &#8211; PDF Komplexn\u00ed revitalizace a rekonstrukce staveb 2021 &#8211; PDF Pod\u011bkov\u00e1n\u00ed SV<a href=\"https:\/\/balnar.eu\/?page_id=51\">&nbsp;&nbsp;[ Read More ]<\/a><\/p>\n","protected":false},"author":1,"featured_media":0,"parent":0,"menu_order":4,"comment_status":"open","ping_status":"open","template":"","meta":[],"_links":{"self":[{"href":"https:\/\/balnar.eu\/index.php?rest_route=\/wp\/v2\/pages\/51"}],"collection":[{"href":"https:\/\/balnar.eu\/index.php?rest_route=\/wp\/v2\/pages"}],"about":[{"href":"https:\/\/balnar.eu\/index.php?rest_route=\/wp\/v2\/types\/page"}],"author":[{"embeddable":true,"href":"https:\/\/balnar.eu\/index.php?rest_route=\/wp\/v2\/users\/1"}],"replies":[{"embeddable":true,"href":"https:\/\/balnar.eu\/index.php?rest_route=%2Fwp%2Fv2%2Fcomments&post=51"}],"version-history":[{"count":13,"href":"https:\/\/balnar.eu\/index.php?rest_route=\/wp\/v2\/pages\/51\/revisions"}],"predecessor-version":[{"id":101,"href":"https:\/\/balnar.eu\/index.php?rest_route=\/wp\/v2\/pages\/51\/revisions\/101"}],"wp:attachment":[{"href":"https:\/\/balnar.eu\/index.php?rest_route=%2Fwp%2Fv2%2Fmedia&parent=51"}],"curies":[{"name":"wp","href":"https:\/\/api.w.org\/{rel}","templated":true}]}}